 g, -4*i + 51 = -3*w - 3*i. Let p be (-3)/(-2)*48/w. Calculate x(p).
-3
Suppose 0 = -o - 4*h + 12 + 11, -o + 44 = -3*h. Suppose 4*f = 5*s + 13 + o, -2*s = -f + 12. Suppose 9*c + 21 = f*c. Let k(t) = -t**2 + 6*t + 10. Calculate k(c).
3
Let k(m) = m - 11. Let y(t) be the second derivative of -t**3/6 + 6*t**2 + 15*t. Let p(j) = -5*k(j) - 4*y(j). Let o = -6 + 12. Give p(o).
1
Let v(f) = f**3. Let c(a) = 4*a**2 - 3*a + 1. Let j be c(1). Suppose 3*o - 2*o = 3. Suppose o*m + j*m = -5. Give v(m).
-1
Let h(y) = 0*y**3 - 4 - 5*y**3 + 5 + 13*y**3. Give h(2).
65
Let a be (-1)/(-7 - -4)*(-6)/(-20). Let t(d) be the third derivative of -1/120*d**6 + 0*d - 1/3*d**3 - 5/24*d**4 + 0 + a*d**5 + 2*d**2. What is t(5)?
-2
Let z(o) = -120 + 5*o**3 - o**3 + 7*o + 3*o**2 + 2*o**2 + 113. Let x(t) = -3*t**3 - 6*t**2 - 7*t + 7. Let p(k) = -3*x(k) - 2*z(k). Calculate p(-7).
-7
Let y(b) = -3*b**2 - 6*b - 36. Let h(j) = -2*j**2 + 3*j - 2. Let f(q) = -2*h(q) + y(q). Determine f(14).
-4
Let g(o) = -o**3 + 6*o**2 - 5*o + 5. Let q be g(5). Suppose -q*w - 2*y + 11 - 4 = 0, -5*y = 4*w - 9. Let b(j) = -w + 0 + 2 + 4*j + j. Determine b(1).
6
Suppose 5*i = -5*j - 15, -3*i + 5*j + 33 = i. Let o(z) = -4*z**2 + 3*z**i - 4*z + 2*z - 1 - 3*z. Let p be (-1 - (-20)/12)/(11/(-33)). What is o(p)?
5
Let v(s) = 7*s**2 + 1. Let p(h) be the first derivative of -h**4/4 + 7*h**3/3 - 4*h**2 + 13*h + 2. Let l be p(6). Let g be -1 - l - (7 - 10). Give v(g).
8
Let f(q) be the second derivative of 11*q**5/20 + q**2/2 - 163*q. Determine f(1).
12
Suppose -3*g = 3, 12 = 4*r - g - 1. Let f(p) = -1 + 0 + r*p**2 - 2*p**2 - 2*p - 1. Suppose 0 = -j + 18 - 15. Calculate f(j).
1
Suppose -12*z = -5*d - 7*z + 40, -32 = -4*d - 2*z. Let c(g) be the second derivative of 1/20*g**5 - d*g + 5/2*g**2 - 1/6*g**3 - 1/12*g**4 + 0. Determine c(0).
5
Let v(u) = 3*u**2 - 4 - 2*u**3 - 3*u**3 + 6*u**3 - 4*u. Let r(d) = 2*d**3 + 11*d**2 + 4*d - 2. Let m be r(-5). Let k = -1 - m. Calculate v(k).
-4
Let j(h) be the third derivative of 2*h**5/15 + 47*h**4/24 - 2*h**3/3 - 231*h**2. What is j(-6)?
2
Let v(d) = -6*d + 200*d**2 - 3*d - 212*d**2 - 4*d + 5 - d**3. Determine v(-10).
-65
Let k(y) = y**3 - 3*y**2 - 2*y. Suppose 1 - 2 = 4*m - 5*j, 4*j - 6 = -2*m. Suppose -9 = -4*s - 2*t + m, 3*t + 21 = 3*s. Give k(s).
8
Let c(d) be the third derivative of d**4/6 - 41*d**3/6 - 595*d**2. Determine c(7).
-13
Let j(v) be the first derivative of -v**4/4 - 4*v**3/3 + 3*v**2/2 - 5*v - 6. Let y be (-6)/4*2 - -3. Let f(b) = b**3 + b - 5. Let z be f(y). Determine j(z).
5
Let o(n) = 5*n - 24. Let q be o(5). Let t(l) = 0 + q - 1 - l**2 - l**3 - 4*l - 3. Calculate t(-2).
9
Let o(s) = 6*s**2 + 7*s. Let i(j) = -j**2 - j. Let a(h) = 28*i(h) + 4*o(h). Suppose -v + 8 = z, 4*z - 22 = v - 4*v. Suppose 2*p + 3*p + v = 0. What is a(p)?
-16
Let o = -11 - -14. Suppose -5*t - 2*x = -o*x + 6, 4*x = 3*t - 10. Let u(q) = -2*q**2 - 3*q - 1. Determine u(t).
-3
Let g(k) = -6*k - 10. Let v be g(-4). Let c be 8*(-1)/14 - (-64)/v. Let z(b) = -4*b + 4. Calculate z(c).
-12
Let s(f) = -16*f + 6. Let n(v) = -17*v + 7. Let w(t) = 5*n(t) - 6*s(t). Let z = -3 + 2. Calculate w(z).
-12
Let r(v) = 6*v - 10*v + 0*v + 5*v. Let m be r(-5). Let h(y) be the second derivative of -y**4/12 - y**3/2 + 3*y**2/2 + 5*y. Give h(m).
-7
Suppose 48 = -8*s - 4*s. Let z(w) = -2*w**2 + 6*w + 8. Let f(h) = h**2 - 5*h - 7. Let a(o) = -3*f(o) - 2*z(o). Give a(s).
9
Let i(h) = 10*h**2 - 58*h - 8. Let t(y) = -y**2 + 9*y - 1. Let w(s) = -i(s) - 8*t(s). What is w(-8)?
0
Let y = 11 + -5. Let f(x) = -3*x - 11. Let z(h) = 2*h + 6. Let c(j) = y*f(j) + 10*z(j). Determine c(-7).
-20
Let o(z) be the third derivative of -z**5/60 + z**4/4 + 4*z**3/3 + 2*z**2 + 12. Calculate o(7).
1
Let k(j) be the first derivative of j**3/3 + 4*j**2 + 4*j - 233. Determine k(-7).
-3
Let h(l) = l**3 - 5*l**2 + 5*l + 3. Let t be h(4). Let i(d) = 8*d + 4 - t - 3*d**2 - 2*d. Let v be i(2). Let n(x) = x**2 + 3*x + 1. Calculate n(v).
1
Let y(a) = 10*a**3 - 3*a**2 + 4*a - 1. Let t be 2/(-6) - 492/(-369). What is y(t)?
10
Let a be -4 - (2 + -23)/3. Let d(v) = 6*v**2 + 6*v**2 - 3*v - 13*v**2 - a + v**3. Let t be 1 - (2/2 + -3). Determine d(t).
6
Let n(a) = -a**3 + 4*a**2 - 2*a - 4. Let w be (-2*(-1)/(-4))/(6/(-48)). Give n(w).
-12
Let v(r) = -r**3 - 63*r**2 + r + 65. Let w be v(-63). Let x(d) be the third derivative of 0*d - 8*d**w + 0 - 1/60*d**5 - 7/6*d**3 + 5/24*d**4. Give x(5).
-7
Let q be (-19)/(4 + -3 - 2). Suppose q*u = 23*u - 8. Let v(m) = -4*m + 3. Calculate v(u).
-5
Let f(t) be the third derivative of t**4/24 - 13*t**3/6 + 17*t**2 + 1. Give f(6).
-7
Let n(h) = -h + 2. Let x(q) be the second derivative of 7*q**3/6 + 5*q. Let l = -12 - -13. Let j be x(l). Determine n(j).
-5
Let b(n) = 9*n**3 - 12*n**2 + 3*n - 7. Let j(a) = -20*a**3 + 26*a**2 - 5*a + 15. Let z(m) = 9*b(m) + 4*j(m). Calculate z(5).
57
Let b(i) be the first derivative of 7*i**4/2 - i**3/3 + i**2/2 + i + 2. Let q(z) = z**3 - 18*z**2 - 39*z - 21. Let d be q(20). What is b(d)?
-15
Let g(j) = -j**2 - 10*j - 6. Let h be (441/(-42) - (-2 + -3))*2. Determine g(h).
-17
Let t(j) = -j**3 + j**2 + 4*j - 1. Suppose 0 = -3*s - p + 9, -p = 2*s - 6*p - 6. Suppose -s*u + 4 = -5. Calculate t(u).
-7
Suppose -7*t + 26 - 12 = 0. Let v(i) be the third derivative of i**6/120 - i**5/20 - 3*i**2. What is v(t)?
-4
Suppose 0 = -4*v - 4*a - 680, 0 = -3*v + a - 416 - 94. Let o be v/(-45) + 2/9. Let s(m) = -m**3 + 4*m**2 + m - 3. Determine s(o).
1
Let c(m) = -4*m - 15. Let h(a) = 5*a + 15. Let l(v) = -4*c(v) - 3*h(v). Let x be l(-11). Let z(b) = 10 + b**2 + 6*b - 5 - x - 4. What is z(-6)?
-3
Let q(z) = 3*z**3 + z**2 - 4*z. Let n(a) = a**3 - 7*a**2 - 31*a + 8. Let h be n(10). Give q(h).
-12
Let n(l) = 3 - 2 + l**3 + 4 - 5*l - 4*l**2. Suppose -2*z + 37 - 11 = 0. Suppose z - 3 = 2*h. Calculate n(h).
5
Suppose 0 = -2*g - 5*p + 26 - 13, -4*g - 16 = -4*p. Let m(s) = 56*s + 1. Give m(g).
-55
Let q(z) = -z - 8. Let x be (-4 - (-4 - 3)) + -2 + -9. What is q(x)?
0
Let a(k) = 3773*k - 3774*k - 9 - 19. Determine a(0).
-28
Let g(y) = -y**2 - 9*y - 4. Let n(v) = -v**3 - 12*v**2 + 2*v + 16. Let l = -28 - -16. Let c be n(l). Determine g(c).
4
Suppose -11*r + 13*r - 30 = 0. Suppose -18*m + 12 = -r*m. Let l(n) = 6*n - 6. Let x(q) = q - 1. Let i(o) = l(o) - 5*x(o). What is i(m)?
3
Let c(b) = -2*b**2 - 1 - 4*b - 2*b**3 - 2*b**2 + 0*b + b**3. Let q be c(-3). Let t(h) = 2359*h - 2363*h - 1 + h**2 + 3. Calculate t(q).
-2
Let v(k) = 54*k**3 + 26*k**2 - 40*k. Let r(j) = 19*j**3 + 9*j**2 - 14*j. Let t(l) = -17*r(l) + 6*v(l). Suppose 12 = -y - 3*y. What is t(y)?
6
Let a(z) = 20*z - 5. Let r be (-1)/(10/4 - 3). Let k be a(r). Suppose -4*p - k = 3*n, -p = 3*p - 5*n - 5. Let b(l) = -2*l - 4. Give b(p).
6
Let p(j) = j**3 + 8*j**2 + 4*j - 1. Let i be p(-7). Suppose 61 = 3*f + 4*v, 8*v = 3*v + i. Suppose 5*k - k = 3*t - 1, -3*k = -f. Let a(m) = m - 12. Give a(t).
-5
Let p be (-2023)/(-1309) - 6/11. Let i(b) = 11*b + 1. What is i(p)?
12
Let k(u) = 9*u**2 - 2*u + 10*u**2 - 7 + 0*u**2 + 2*u**2. Let l(x) = 11*x**2 - x - 4. Let d(g) = -3*k(g) + 5*l(g). What is d(-1)?
-8
Suppose 5*p + 16 = -0*l + 3*l, l = p + 8. Let a(j) = 7*j**2 - j**3 - l*j + 0*j**3 + 8*j - 8. Determine a(6).
4
Suppose -50*b + k = -49*b, 5*k - 54 = -4*b. Let x(v) be the second derivative of -v**4/12 + v**3 - v. Give x(b).
0
Let n(f) = f**3 + 14*f**2 - 15*f + 11. Let z be (-4)/(-2)*(261/(-18) + 7). Give n(z).
11
Let h(v) = 5*v**3 + 5*v**2 - 4*v - 1. Let l(w) = -2*w**3 - w**2 + w. Let i(o) = -h(o) - 2*l(o). Calculate i(-4).
9
Let y(k) = -k**2 - 9*k + 85. Let t be y(6). Let j(i) = 4*i + 5. Determine j(t).
-15
Let t(r) = r**2 - 2*r + 1. Let f = 87 + -86. Determine t(f).
0
Suppose -2*w = -6*w + 24. Suppose w*p - 2*p = 12. Let t(o) = p*o - 4 + 0 - 4*o + 0. Give t(-4).
0
Let x = -782 + 774. Let l(g) = -g**3 - 8*g**2 - g + 9. What is l(x)?
17
Let f(v) be the first derivative of -v**3 + v**2 + 1/4*v**4 - 4*v + 13. Calculate f(3).
2
Let h = 4 + -4. Suppose 2*x = -2*m - 0 + 2, h = -m. Let t(u) = -2*u**2 - u. Calculate t(x).
-3
Suppose -7 = -4*h + 3*b + 2*b, 0 = 5*h - 5*b - 10. Let u = 37 - 34. Let y(j) = -2*j**2 + 5*j**2 - h*j - 2 + 3*j + j**u. What is y(-3)?
-2
Let r = -191 - -195. Let d(a) be the third derivative of 1/12*a**r + 0*a - 1/3*a**3 - 6*a**2 + 0. Calculate d(3).
4
Le